{"id":5032,"date":"2025-11-25T09:06:56","date_gmt":"2025-11-25T14:06:56","guid":{"rendered":"https:\/\/fundacionacesco.org\/?page_id=5032"},"modified":"2025-11-28T08:37:51","modified_gmt":"2025-11-28T13:37:51","slug":"linea-generacion-de-ingresos","status":"publish","type":"page","link":"https:\/\/fundacionacesco.org\/eng\/proyectos\/linea-generacion-de-ingresos\/","title":{"rendered":"Income Generation Line"},"content":{"rendered":"<div data-elementor-type=\"wp-page\" data-elementor-id=\"5032\" class=\"elementor elementor-5032\" data-elementor-post-type=\"page\">\n\t\t\t\t\t\t<section class=\"elementor-section elementor-top-section elementor-element elementor-element-5c8e45f elementor-section-boxed elementor-section-height-default elementor-section-height-default\" data-id=\"5c8e45f\" data-element_type=\"section\" data-e-type=\"section\">\n\t\t\t\t\t\t<div class=\"elementor-container elementor-column-gap-default\">\n\t\t\t\t\t<div class=\"elementor-column elementor-col-100 elementor-top-column elementor-element elementor-element-1af73e3\" data-id=\"1af73e3\" data-element_type=\"column\" data-e-type=\"column\">\n\t\t\t<div class=\"elementor-widget-wrap elementor-element-populated\">\n\t\t\t\t\t\t<div class=\"elementor-element elementor-element-8da5e59 elementor-widget elementor-widget-heading\" data-id=\"8da5e59\" data-element_type=\"widget\" data-e-type=\"widget\" data-widget_type=\"heading.default\">\n\t\t\t\t<div class=\"elementor-widget-container\">\n\t\t\t\t\t<h2 class=\"elementor-heading-title elementor-size-default\">Projects \/ Revenue Generation Line<\/h2>\t\t\t\t<\/div>\n\t\t\t\t<\/div>\n\t\t\t\t\t<\/div>\n\t\t<\/div>\n\t\t\t\t\t<\/div>\n\t\t<\/section>\n\t\t\t\t<section class=\"elementor-section elementor-top-section elementor-element elementor-element-4b0d080 elementor-section-boxed elementor-section-height-default elementor-section-height-default\" data-id=\"4b0d080\" data-element_type=\"section\" data-e-type=\"section\">\n\t\t\t\t\t\t<div class=\"elementor-container elementor-column-gap-default\">\n\t\t\t\t\t<div class=\"elementor-column elementor-col-100 elementor-top-column elementor-element elementor-element-4749488\" data-id=\"4749488\" data-element_type=\"column\" data-e-type=\"column\">\n\t\t\t<div class=\"elementor-widget-wrap elementor-element-populated\">\n\t\t\t\t\t\t<div class=\"elementor-element elementor-element-a6b55b5 elementor-grid-eael-col-3 elementor-grid-tablet-eael-col-2 elementor-grid-mobile-eael-col-1 elementor-widget elementor-widget-eael-post-grid\" data-id=\"a6b55b5\" data-element_type=\"widget\" data-e-type=\"widget\" data-settings=\"{&quot;eael_post_grid_columns&quot;:&quot;eael-col-3&quot;,&quot;eael_post_grid_columns_tablet&quot;:&quot;eael-col-2&quot;,&quot;eael_post_grid_columns_mobile&quot;:&quot;eael-col-1&quot;}\" data-widget_type=\"eael-post-grid.default\">\n\t\t\t\t<div class=\"elementor-widget-container\">\n\t\t\t\t\t<div id=\"eael-post-grid-a6b55b5\" class=\"eael-post-grid-container\">\n            <div class=\"eael-post-grid eael-post-appender eael-post-appender-a6b55b5 eael-post-grid-style-two\" data-layout-mode=\"grid\"><article class=\"eael-grid-post  eael-post-grid-column eael-pg-post-4998 category-linea-generacion-de-ingresos-proyectos\" data-id=\"4998\">\n    <div class=\"eael-grid-post-holder\">\n        <div class=\"eael-grid-post-holder-inner\"><div class=\"eael-entry-media\"><div class=\"eael-entry-overlay fade-in\"><i class=\"fas fa-long-arrow-alt-right\" aria-hidden=\"true\"><\/i><a href=\"https:\/\/fundacionacesco.org\/eng\/circulo-de-mujeres-emprendedoras\/\"><\/a><\/div><div class=\"eael-entry-thumbnail\">\n                            <img fetchpriority=\"high\" decoding=\"async\" width=\"300\" height=\"200\" src=\"https:\/\/fundacionacesco.org\/wp-content\/uploads\/2025\/11\/img-proy-8-300x200.jpg\" class=\"attachment-medium size-medium wp-image-4999\" alt=\"\" srcset=\"https:\/\/fundacionacesco.org\/wp-content\/uploads\/2025\/11\/img-proy-8-300x200.jpg 300w, https:\/\/fundacionacesco.org\/wp-content\/uploads\/2025\/11\/img-proy-8-1024x682.jpg 1024w, https:\/\/fundacionacesco.org\/wp-content\/uploads\/2025\/11\/img-proy-8-768x512.jpg 768w, https:\/\/fundacionacesco.org\/wp-content\/uploads\/2025\/11\/img-proy-8.jpg 1100w\" sizes=\"(max-width: 300px) 100vw, 300px\" \/>\n                            <\/div>\n                    <\/div><div class=\"eael-entry-wrapper\"><header class=\"eael-entry-header\"><h2 class=\"eael-entry-title\"><a class=\"eael-grid-post-link\" href=\"https:\/\/fundacionacesco.org\/eng\/circulo-de-mujeres-emprendedoras\/\" title=\"Circle of Women Entrepreneurs\">Circle of Women Entrepreneurs<\/a><\/h2><\/header><\/div><\/div>\n    <\/div>\n<\/article><article class=\"eael-grid-post  eael-post-grid-column eael-pg-post-4992 category-linea-generacion-de-ingresos-proyectos\" data-id=\"4992\">\n    <div class=\"eael-grid-post-holder\">\n        <div class=\"eael-grid-post-holder-inner\"><div class=\"eael-entry-media\"><div class=\"eael-entry-overlay fade-in\"><i class=\"fas fa-long-arrow-alt-right\" aria-hidden=\"true\"><\/i><a href=\"https:\/\/fundacionacesco.org\/eng\/ruta-del-emprendedor\/\"><\/a><\/div><div class=\"eael-entry-thumbnail\">\n                            <img decoding=\"async\" width=\"300\" height=\"200\" src=\"https:\/\/fundacionacesco.org\/wp-content\/uploads\/2025\/11\/img-proy-6-300x200.jpg\" class=\"attachment-medium size-medium wp-image-4994\" alt=\"\" srcset=\"https:\/\/fundacionacesco.org\/wp-content\/uploads\/2025\/11\/img-proy-6-300x200.jpg 300w, https:\/\/fundacionacesco.org\/wp-content\/uploads\/2025\/11\/img-proy-6-1024x682.jpg 1024w, https:\/\/fundacionacesco.org\/wp-content\/uploads\/2025\/11\/img-proy-6-768x512.jpg 768w, https:\/\/fundacionacesco.org\/wp-content\/uploads\/2025\/11\/img-proy-6.jpg 1100w\" sizes=\"(max-width: 300px) 100vw, 300px\" \/>\n                            <\/div>\n                    <\/div><div class=\"eael-entry-wrapper\"><header class=\"eael-entry-header\"><h2 class=\"eael-entry-title\"><a class=\"eael-grid-post-link\" href=\"https:\/\/fundacionacesco.org\/eng\/ruta-del-emprendedor\/\" title=\"Entrepreneur&#039;s Route\">Entrepreneur's Route<\/a><\/h2><\/header><\/div><\/div>\n    <\/div>\n<\/article><\/div>\n            <div class=\"clearfix\"><\/div>\n        <\/div>\t\t\t\t<\/div>\n\t\t\t\t<\/div>\n\t\t\t\t\t<\/div>\n\t\t<\/div>\n\t\t\t\t\t<\/div>\n\t\t<\/section>\n\t\t\t\t<\/div>","protected":false},"excerpt":{"rendered":"<p>Proyectos \/ L\u00ednea Generaci\u00f3n de Ingresos C\u00edrculo de Mujeres Emprendedoras Ruta del Emprendedor<\/p>","protected":false},"author":3,"featured_media":0,"parent":4953,"menu_order":0,"comment_status":"closed","ping_status":"closed","template":"elementor_header_footer","meta":{"_acf_changed":false,"site-sidebar-layout":"no-sidebar","site-content-layout":"page-builder","ast-site-content-layout":"full-width-container","site-content-style":"default","site-sidebar-style":"default","ast-global-header-display":"","ast-banner-title-visibility":"","ast-main-header-display":"","ast-hfb-above-header-display":"","ast-hfb-below-header-display":"","ast-hfb-mobile-header-display":"","site-post-title":"","ast-breadcrumbs-content":"","ast-featured-img":"disabled","footer-sml-layout":"","ast-disable-related-posts":"","theme-transparent-header-meta":"default","adv-header-id-meta":"","stick-header-meta":"","header-above-stick-meta":"","header-main-stick-meta":"","header-below-stick-meta":"","astra-migrate-meta-layouts":"set","ast-page-background-enabled":"default","ast-page-background-meta":{"desktop":{"background-color":"","background-image":"","background-repeat":"repeat","background-position":"center center","background-size":"auto","background-attachment":"scroll","background-type":"","background-media":"","overlay-type":"","overlay-color":"","overlay-opacity":"","overlay-gradient":""},"tablet":{"background-color":"","background-image":"","background-repeat":"repeat","background-position":"center center","background-size":"auto","background-attachment":"scroll","background-type":"","background-media":"","overlay-type":"","overlay-color":"","overlay-opacity":"","overlay-gradient":""},"mobile":{"background-color":"","background-image":"","background-repeat":"repeat","background-position":"center center","background-size":"auto","background-attachment":"scroll","background-type":"","background-media":"","overlay-type":"","overlay-color":"","overlay-opacity":"","overlay-gradient":""}},"ast-content-background-meta":{"desktop":{"background-color":"var(--ast-global-color-5)","background-image":"","background-repeat":"repeat","background-position":"center center","background-size":"auto","background-attachment":"scroll","background-type":"","background-media":"","overlay-type":"","overlay-color":"","overlay-opacity":"","overlay-gradient":""},"tablet":{"background-color":"var(--ast-global-color-5)","background-image":"","background-repeat":"repeat","background-position":"center center","background-size":"auto","background-attachment":"scroll","background-type":"","background-media":"","overlay-type":"","overlay-color":"","overlay-opacity":"","overlay-gradient":""},"mobile":{"background-color":"var(--ast-global-color-5)","background-image":"","background-repeat":"repeat","background-position":"center center","background-size":"auto","background-attachment":"scroll","background-type":"","background-media":"","overlay-type":"","overlay-color":"","overlay-opacity":"","overlay-gradient":""}},"footnotes":""},"class_list":["post-5032","page","type-page","status-publish","hentry"],"acf":[],"_links":{"self":[{"href":"https:\/\/fundacionacesco.org\/eng\/wp-json\/wp\/v2\/pages\/5032","targetHints":{"allow":["GET"]}}],"collection":[{"href":"https:\/\/fundacionacesco.org\/eng\/wp-json\/wp\/v2\/pages"}],"about":[{"href":"https:\/\/fundacionacesco.org\/eng\/wp-json\/wp\/v2\/types\/page"}],"author":[{"embeddable":true,"href":"https:\/\/fundacionacesco.org\/eng\/wp-json\/wp\/v2\/users\/3"}],"replies":[{"embeddable":true,"href":"https:\/\/fundacionacesco.org\/eng\/wp-json\/wp\/v2\/comments?post=5032"}],"version-history":[{"count":37,"href":"https:\/\/fundacionacesco.org\/eng\/wp-json\/wp\/v2\/pages\/5032\/revisions"}],"predecessor-version":[{"id":5309,"href":"https:\/\/fundacionacesco.org\/eng\/wp-json\/wp\/v2\/pages\/5032\/revisions\/5309"}],"up":[{"embeddable":true,"href":"https:\/\/fundacionacesco.org\/eng\/wp-json\/wp\/v2\/pages\/4953"}],"wp:attachment":[{"href":"https:\/\/fundacionacesco.org\/eng\/wp-json\/wp\/v2\/media?parent=5032"}],"curies":[{"name":"wp","href":"https:\/\/api.w.org\/{rel}","templated":true}]}}